In base 12, what is -19 + -b?
-28
In base 3, what is 11112122 - -12?
11112211
In base 12, what is 66 - -1?
67
In base 2, what is 1011 + -1110110?
-1101011
In base 2, what is 1011 - -110?
10001
In base 6, what is -2512 + 25?
-2443
In base 10, what is 6648 + -2?
6646
In base 4, what is -1 - -102111?
102110
In base 12, what is 3b - 38?
3
In base 4, what is -1220 - 10?
-1230
In base 11, what is -24 + 4a?
26
In base 10, what is -4 + 280?
276
In base 16, what is -f - -15e?
14f
In base 13, what is 1 - -5?
6
In base 15, what is 2 + 1ba1?
1ba3
In base 6, what is 0 - 252?
-252
In base 9, what is 884 - -2?
886
In base 3, what is 1210001 + -12?
1202212
In base 16, what is -1b8 + -3?
-1bb
In base 11, what is -3754 + 1?
-3753
In base 14, what is 2 - -12?
14
In base 15, what is 5b1 + -1?
5b0
In base 16, what is 5 - 31?
-2c
In base 6, what is -24 - -331?
303
In base 4, what is 31 - -2023?
2120
In base 3, what is 12020 + 12?
12102
In base 3, what is 211112 + 11?
211200
In base 7, what is 135 + 5?
143
In base 10, what is 3 + 311?
314
In base 10, what is -489 - -23?
-466
In base 2, what is -1 + 110001010110?
110001010101
In base 11, what is -13a3 + -1?
-13a4
In base 7, what is -26 + -250?
-306
In base 7, what is 21 - 5?
13
In base 2, what is 0 - -1001000?
1001000
In base 12, what is 92b - -4?
933
In base 15, what is 1 + 19b?
19c
In base 12, what is -22 - -156?
134
In base 12, what is -4 - -763?
75b
In base 8, what is 27 + 25?
54
In base 13, what is -11 - 14?
-25
In base 13, what is -3c8 + 3?
-3c5
In base 8, what is -24 - 301?
-325
In base 15, what is -29d + -4?
-2a2
In base 3, what is 110 + 20?
200
In base 8, what is 154 + -31?
123
In base 11, what is 3 + 4a?
52
In base 14, what is -12 + -2?
-14
In base 10, what is -103 + -3?
-106
In base 8, what is 152 + -3?
147
In base 5, what is -20 - 14133?
-14203
In base 16, what is 13 + 3?
16
In base 8, what is -25 + 4?
-21
In base 4, what is -102 + -2333?
-3101
In base 7, what is -63 - 21?
-114
In base 4, what is -10100 - -3?
-10031
In base 11, what is -9 - -144?
136
In base 7, what is -21 - 14?
-35
In base 14, what is -39 + c?
-2b
In base 2, what is -10001011011 + -101?
-10001100000
In base 9, what is -2 + 117?
115
In base 4, what is 2310122 - 3?
2310113
In base 9, what is 1 - -154?
155
In base 7, what is 106 - 3?
103
In base 5, what is 12 + -143?
-131
In base 12, what is -2 - 74?
-76
In base 9, what is -4 + 2661?
2656
In base 7, what is -3 + 445?
442
In base 13, what is 142 - -a?
14c
In base 13, what is a3 + -2?
a1
In base 14, what is 16 - 4?
12
In base 16, what is 7 + 534?
53b
In base 12, what is 68 + 4?
70
In base 11, what is -406 - 9?
-414
In base 16, what is 10 - 13b?
-12b
In base 14, what is -5 - 193?
-198
In base 6, what is 305 - 44?
221
In base 12, what is 2544 - 0?
2544
In base 14, what is 4 - 106d?
-1069
In base 12, what is 1935 - 8?
1929
In base 12, what is -2 + -15b?
-161
In base 9, what is -1420 - -14?
-1405
In base 14, what is 22 + 4?
26
In base 11, what is -1 + -107?
-108
In base 8, what is -21600 - 3?
-21603
In base 14, what is 0 - 1d?
-1d
In base 14, what is 1 - 17?
-16
In base 4, what is 123 - -23?
212
In base 3, what is -201211 + 10?
-201201
In base 5, what is -3 + 10322?
10314
In base 9, what is 40 - 23?
16
In base 12, what is -b5 + 64?
-51
In base 14, what is -5 + -5c?
-63
In base 13, what is 16 - a?
9
In base 13, what is 10 - -c38?
c48
In base 11, what is 0 + 201?
201
In base 13, what is -5 - 4c?
-54
In base 3, what is 10 + -221112?
-221102
In base 5, what is 2 - 11021?
-11014
In base 7, what is 33 + 5?
41
In base 3, what is 210 - 200?
10
In base 16, what is 312 + -3?
30f
In base 8, what is 124 + -1?
123
In base 11, what is -5 - 8a?
-94
In base 5, what is 1000 + -43?
402
In base 4, what is -1 + -1032?
-1033
In base 3, what is 11 - -1000201?
1000212
In base 13, what is 2296 + -2?
2294
In base 16, what is 320 + 3?
323
In base 9, what is 1 - 150?
-148
In base 4, what is 0 + -2200?
-2200
In base 4, what is 3 + -1020?
-1011
In base 7, what is 4 - -1050?
1054
In base 12, what is -15 + 6b?
56
In base 15, what is 30 + 2?
32
In base 4, what is -20 - -322?
302
In base 13, what is -5b6 + 1?
-5b5
In base 3, what is 102201 + -2?
102122
In base 11, what is -3 + -213?
-216
In base 4, what is 1 + -102?
-101
In base 3, what is 0 + -2112?
-2112
In base 15, what is -6270 - 5?
-6275
In base 4, what is -1112 - 3?
-1121
In base 12, what is -4 - -32?
2a
In base 16, what is 1 - -db?
dc
In base 13, what is -4 + 426?
422
In base 2, what is 10 + -11110010110?
-11110010100
In base 16, what is -5 - -64?
5f
In base 3, what is 1110212 - 2?
1110210
In base 13, what is 1 + 37?
38
In base 11, what is a - 23?
-14
In base 10, what is 18 + 2?
20
In base 9, what is 3 + 13?
16
In base 11, what is 1 - 36?
-35
In base 14, what is 1 - -38?
39
In base 7, what is 16 + 10?
26
In base 11, what is -4 + 88?
84
In base 10, what is -5 - 66?
-71
In base 2, what is -10101 + -101110?
-1000011
In base 15, what is -4 - 79e?
-7a3
In base 2, what is -10100100110 - -100?
-10100100010
In base 10, what is -4 - -43?
39
In base 7, what is 125 - 536?
-411
In base 7, what is -3053 + -4?
-3060
In base 4, what is 3002 - -1?
3003
In base 11, what is -15 - 43?
-58
In base 13, what is -c - 152?
-161
In base 2, what is 10001 - 1010?
111
In base 9, what is -1085 + 7?
-1077
In base 6, what is -32 - -302?
230
In base 2, what is 0 - -10001000?
10001000
In base 9, what is 1088 + -4?
1084
In base 10, what is 5 + -2147?
-2142
In base 7, what is 6620 + 1?
6621
In base 11, what is 6 - 549?
-543
In base 13, what is -1 - 996?
-997
In base 9, what is -31 + 4?
-26
In base 5, what is -10 - 111043?
-111103
In base 4, what is 2102 - 3?
2033
In base 11, what is -394 - 19?
-402
In base 7, what is 3164 + 0?
3164
In base 16, what is e - 9?
5
In base 5, what is -111242 + -3?
-111300
In base 14, what is a + 4?
10
In base 4, what is -13 + -323?
-1002
In base 15, what is -16 + -2?
-18
In base 15, what is 2 + -15?
-13
In base 2, what is 1111011 - 1?
1111010
In base 13, what is -3 + -72?
-75
In base 5, what is 0 - 4200?
-4200
In base 5, what is 31 + 23?
104
In base 8, what is 6 - -306?
314
In base 6, what is 32335 - -3?
32342
In base 11, what is 1 + -a?
-9
In base 15, what is 9 - -5b?
65
In base 12, what is -26 - -15?
-11
In base 3, what is 102 + -1022?
-220
In base 11, what is -2 - -24?
22
In base 9, what is 2677 - -3?
2681
In base 12, what is 0 - b?
-b
In base 6, what is -232 + 2?
-230
In base 15, what is -e2 - 0?
-e2
In base 15, what is -6 - -10?
9
In base 2, what is -100111 - 1101?
-110100
In base 12, what is -138 + 16?
-122
In base 7, what is 5516 - -14?
5533
In base 3, what is -10 + 1120?
1110
In base 11, what is -11 - -1?
-10
In base 3, what is 1112 - 20?
1022
In base 5, what is 2 + -121320?
-121313
In base 2, what is -10 + 1000110?
1000100
In base 8, what is 17675 - 5?
17670
In base 9, what is -812 - -1?
-811
In base 11, what is 4 - -21?
25
In base 3, what is 0 - -2110200?
2110200
In base 2, what is -1111 - 1010?
-11001
In base 6, what is 2 + -1541?
-1535
In base 6, what is 152 + -3?
145
In base 13, what is -117 + 1?
-116
In base 3, what is -10 - -22?
12
In base 7, what is 3 + 136?
142
In base 2, what is 101 - 11100011?
-11011110
In base 16, what is -13a4 - 0?
-13a4
In base 3, what is 2210 + -201200?
-121220
In base 16, what is fb + 1a?
115
In base 10, what is -23 - -3?
-20
In base 10, what is 2 + -83?
-81
In base 11, what is 2 + -2?
0
In base 9, what is -3 + -2421?
-2424
In base 13, what is 3 + -808?
-805
In base 14, what is 0 - 78?
-78
In base 10, what is -1958 - -2?
-1956
In base 15, what is -5 + e?
9
In base 5, what is 10 - 1223?
-1213
In base 5, what is -404 + -31?
-440
In base 13, what is -3 + -c4?
-c7
In base 14, what is -b4 + 2?
-b2
In base 3, what is -100 + 12?
-11
In base 16, what is -3 - 3?
-6
In base 16, what is -d - c?
-19
In base 13, what is -10 + c6?
b6
In base 14, what is 12 + 2?
14
In base 5, what is -2 - 13033?
-13040
In base 13, what is -5 + -6?
-b
In base 2, what is 1111011 - 100110?
1010101
In base 3, what is 1000112 - -112?
1001001
In base 16, what is da2 - 3?
d9f
In base 4, what is 10200 - 21?
10113
In base 8, what is 2 - 571?
-567
In base 3, what is 20111 - -210?
21021
In base 11, what is -3 - 22?
-25
In base 10, what is 196 + 13?
209
In base 9, what is -32